1?
4
What is the tens digit of 1085579?
7
What is the ten thousands digit of 25686794?
8
What is the ten thousands digit of 132691?
3
What is the units digit of 294428?
8
What is the millions digit of 1082779?
1
What is the millions digit of 5905136?
5
What is the hundreds digit of 246804?
8
What is the millions digit of 16694914?
6
What is the tens digit of 283595?
9
What is the thousands digit of 436618?
6
What is the hundred thousands digit of 513117?
5
What is the tens digit of 210927?
2
What is the units digit of 471614?
4
What is the ten thousands digit of 6829731?
2
What is the tens digit of 930570?
7
What is the ten thousands digit of 43128?
4
What is the tens digit of 4501355?
5
What is the thousands digit of 9477882?
7
What is the tens digit of 311280?
8
What is the hundreds digit of 908014?
0
What is the hundred thousands digit of 6178487?
1
What is the hundred thousands digit of 3264904?
2
What is the thousands digit of 2045565?
5
What is the millions digit of 3071910?
3
What is the tens digit of 1195879?
7
What is the hundreds digit of 3171897?
8
What is the hundred thousands digit of 155387?
1
What is the tens digit of 208808?
0
What is the ten thousands digit of 333101?
3
What is the ten thousands digit of 284414?
8
What is the tens digit of 27419030?
3
What is the ten thousands digit of 206496?
0
What is the units digit of 415979?
9
What is the units digit of 215053?
3
What is the thousands digit of 356564?
6
What is the hundreds digit of 539904?
9
What is the tens digit of 1715172?
7
What is the hundreds digit of 4776820?
8
What is the tens digit of 453180?
8
What is the hundred thousands digit of 2545565?
5
What is the ten millions digit of 13937454?
1
What is the tens digit of 206133?
3
What is the ten thousands digit of 14629?
1
What is the thousands digit of 546848?
6
What is the tens digit of 1873724?
2
What is the hundreds digit of 8125501?
5
What is the hundreds digit of 160089?
0
What is the thousands digit of 1658845?
8
What is the millions digit of 21048758?
1
What is the units digit of 698356?
6
What is the units digit of 62841?
1
What is the ten thousands digit of 820592?
2
What is the tens digit of 81139?
3
What is the hundred thousands digit of 10527204?
5
What is the hundreds digit of 278286?
2
What is the ten thousands digit of 808622?
0
What is the hundred thousands digit of 16701582?
7
What is the thousands digit of 492206?
2
What is the units digit of 921842?
2
What is the ten thousands digit of 215711?
1
What is the tens digit of 12775829?
2
What is the ten thousands digit of 2234185?
3
What is the thousands digit of 10932369?
2
What is the ten thousands digit of 374490?
7
What is the hundred thousands digit of 22816881?
8
What is the hundreds digit of 9533667?
6
What is the thousands digit of 2898501?
8
What is the units digit of 3897516?
6
What is the tens digit of 4319436?
3
What is the ten thousands digit of 259286?
5
What is the units digit of 2555980?
0
What is the thousands digit of 420339?
0
What is the thousands digit of 18026597?
6
What is the thousands digit of 12442311?
2
What is the hundred thousands digit of 1494796?
4
What is the millions digit of 2510429?
2
What is the thousands digit of 670673?
0
What is the ten thousands digit of 4561732?
6
What is the units digit of 849427?
7
What is the hundreds digit of 155818?
8
What is the thousands digit of 2729535?
9
What is the thousands digit of 21395086?
5
What is the hundreds digit of 3298456?
4
What is the hundreds digit of 510480?
4
What is the tens digit of 6115229?
2
What is the units digit of 330635?
5
What is the ten thousands digit of 1128742?
2
What is the units digit of 418635?
5
What is the hundreds digit of 9572742?
7
What is the tens digit of 244914?
1
What is the thousands digit of 88418?
8
What is the thousands digit of 11347278?
7
What is the millions digit of 15857800?
5
What is the hundred thousands digit of 1983684?
9
What is the units digit of 21612?
2
What is the tens digit of 2133160?
6
What is the thousands digit of 8785555?
5
What is the thousands digit of 180430?
0
What is the thousands digit of 363135?
3
What is the thousands digit of 3082644?
2
What is the hundreds digit of 9382079?
0
What is the hundred thousands digit of 3350575?
3
What is the hundreds digit of 6153717?
7
What is the thousands digit of 338560?
8
What is the hundreds digit of 415168?
1
What is the ten thousands digit of 58235?
5
What is the hundred thousands digit of 1807181?
8
What is the ten thousands digit of 15097945?
9
What is the hundreds digit of 140220?
2
What is the hundred thousands digit of 2185529?
1
What is the tens digit of 232786?
8
What is the hundreds digit of 2021960?
9
What is the ten thousands digit of 139559?
3
What is the units digit of 6241431?
1
What is the ten thousands digit of 410182?
1
What is the hundreds digit of 327380?
3
What is the thousands digit of 296712?
6
What is the hundred thousands digit of 11838098?
8
What is the units digit of 4255144?
4
What is the tens digit of 81250?
5
What is the units digit of 194947?
7
What is the units digit of 342063?
3
What is the thousands digit of 236364?
6
What is the tens digit of 790669?
6
What is the tens digit of 919316?
1
What is the hundreds digit of 2037096?
0
What is the ten thousands digit of 5346711?
4
What is the units digit of 785930?
0
What is the thousands digit of 39731?
9
What is the hundreds digit of 18413559?
5
What is the hundred thousands digit of 13908262?
9
What is the hundreds digit of 103286?
2
What is the hundred thousands digit of 329489?
3
What is the units digit of 788434?
4
What is the hundreds digit of 13554859?
8
What is the units digit of 9477332?
2
What is the units digit of 1582514?
4
What is the hundreds digit of 510829?
8
What is the tens digit of 6193388?
8
What is the thousands digit of 2745706?
5
What is the thousands digit of 2346373?
6
What is the thousands digit of 8284819?
4
What is the hundred thousands digit of 4964904?
9
What is the units digit of 3214144?
4
What is the hundreds digit of 127551?
5
What is the units digit of 15063864?
4
What is the tens digit of 16251518?
1
What is the hundreds digit of 261372?
3
What is the ten thousands digit of 71415?
7
What is the hundreds digit of 129367?
3
What is the thousands digit of 1059558?
9
What is the units digit of 786359?
9
What is the thousands digit of 32837217?
7
What is the tens digit of 23751955?
5
What is the tens digit of 21797?
9
What is the millions digit of 9941674?
9
What is the thousands digit of 487679?
7
What is the thousands digit of 21772096?
2
What is the tens digit of 569566?
6
What is the thousands digit of 529142?
9
What is the millions digit of 1325934?
1
What is the thousands digit of 208000?
8
What is the thousands digit of 22063589?
3
What is the thousands digit of 33816?
3
What is the hundred thousands digit of 576009?
5
What is the thousands digit of 244320?
4
What is the hundreds digit of 332342?
3
What is the hundreds digit of 645288?
2
What is the ten thousands digit of 207518?
0
What is the thousands digit of 1420287?
0
What is the hundreds digit of 241970?
9
What is the hundred thousands digit of 1882221?
8
What is the hundreds digit of 17186?
1
What is the hundred thousands digit of 1842964?
8
What is the ten thousands digit of 1533926?
3
What is the hundreds digit of 188526?
5
What is the hundreds digit of 82648?
6
What is the thousands digit of 521259?
1
What is the hundred thousands digit of 204054?
2
What is the tens digit of 171802?
0
What is the tens digit of 5435847?
4
What is the thousands digit of 8481545?
1
What is the millions digit of 13199129?
3
What is the hundred thousands digit of 161839?
1
What is the thousands digit of 288257?
8
What is the ten thousands digit of 2079144?
7
What is the hundred thousands digit of 580339?
5
What is the thousands digit of 2558544?
8
What is the hundreds digit of 147739?
7
What is the thousands digit of 141769?
1
What is the hundreds digit of 250052?
0
What is the thousands digit of 972537?
2
What is the hundreds digit of 311829?
8
What is the tens digit of 782232?
3
What is the hundreds digit of 32822884?
8
What is the hundreds digit of 5231765?
7
What is the tens digit of 46916?
1
What is the units digi